{"id":1652,"date":"2024-03-05T12:10:54","date_gmt":"2024-03-05T11:10:54","guid":{"rendered":"https:\/\/sklep.dawid.pl\/?post_type=product&#038;p=1652"},"modified":"2024-03-05T12:22:25","modified_gmt":"2024-03-05T11:22:25","slug":"panel-ogrodzeniowy","status":"publish","type":"product","link":"https:\/\/sklep.dawid.pl\/?product=panel-ogrodzeniowy","title":{"rendered":"Panel ogrodzeniowy"},"content":{"rendered":"<p>Systemy paneli kratowych VEGA to doskona\u0142e rozwi\u0105zanie stosowane wsz\u0119dzie tam, gdzie liczy si\u0119 trwa\u0142o\u015b\u0107, wysoka jako\u015b\u0107 i bezpiecze\u0144stwo. Ze wzgl\u0119du na swoj\u0105 funkcjonalno\u015b\u0107, estetyk\u0119 i parametry, systemy panelowych ogrodze\u0144 kratowych WI\u015aNIOWSKI VEGA B, VEGA B Light, oraz VEGA B Light 80&#215;200 sprawdzaj\u0105 si\u0119 w ka\u017cdych warunkach. Mo\u017cna wykorzystywa\u0107 je zar\u00f3wno w zabudowie mieszkalnej, jak i obszarach przemys\u0142owych.<\/p>\n<p><strong>Panele kratowe VEGA B Light 80&#215;200 zgrzewane s\u0105 punktowo z pr\u0119t\u00f3w stalowych pojedynczych, a dopiero potem cynkowane i malowane. Dzi\u0119ki temu s\u0105 doskonale zabezpieczone przed korozj\u0105.<\/strong><\/p>\n","protected":false},"excerpt":{"rendered":"<p>Systemy paneli kratowych VEGA to doskona\u0142e rozwi\u0105zanie stosowane wsz\u0119dzie tam, gdzie liczy si\u0119 trwa\u0142o\u015b\u0107, wysoka jako\u015b\u0107 i bezpiecze\u0144stwo. Ze wzgl\u0119du na swoj\u0105 funkcjonalno\u015b\u0107, estetyk\u0119 i&#8230;<\/p>\n","protected":false},"featured_media":1653,"comment_status":"open","ping_status":"closed","template":"","meta":[],"etheme_brands":[],"product_cat":[35],"product_tag":[],"class_list":{"0":"post-1652","1":"product","2":"type-product","3":"status-publish","4":"has-post-thumbnail","6":"product_cat-przesla","8":"first","9":"instock","10":"taxable","11":"shipping-taxable","12":"purchasable","13":"product-type-simple"},"_links":{"self":[{"href":"https:\/\/sklep.dawid.pl\/index.php?rest_route=\/wp\/v2\/product\/1652","targetHints":{"allow":["GET"]}}],"collection":[{"href":"https:\/\/sklep.dawid.pl\/index.php?rest_route=\/wp\/v2\/product"}],"about":[{"href":"https:\/\/sklep.dawid.pl\/index.php?rest_route=\/wp\/v2\/types\/product"}],"replies":[{"embeddable":true,"href":"https:\/\/sklep.dawid.pl\/index.php?rest_route=%2Fwp%2Fv2%2Fcomments&post=1652"}],"version-history":[{"count":3,"href":"https:\/\/sklep.dawid.pl\/index.php?rest_route=\/wp\/v2\/product\/1652\/revisions"}],"predecessor-version":[{"id":1689,"href":"https:\/\/sklep.dawid.pl\/index.php?rest_route=\/wp\/v2\/product\/1652\/revisions\/1689"}],"wp:featuredmedia":[{"embeddable":true,"href":"https:\/\/sklep.dawid.pl\/index.php?rest_route=\/wp\/v2\/media\/1653"}],"wp:attachment":[{"href":"https:\/\/sklep.dawid.pl\/index.php?rest_route=%2Fwp%2Fv2%2Fmedia&parent=1652"}],"wp:term":[{"taxonomy":"brand","embeddable":true,"href":"https:\/\/sklep.dawid.pl\/index.php?rest_route=%2Fwp%2Fv2%2Fetheme_brands&post=1652"},{"taxonomy":"product_cat","embeddable":true,"href":"https:\/\/sklep.dawid.pl\/index.php?rest_route=%2Fwp%2Fv2%2Fproduct_cat&post=1652"},{"taxonomy":"product_tag","embeddable":true,"href":"https:\/\/sklep.dawid.pl\/index.php?rest_route=%2Fwp%2Fv2%2Fproduct_tag&post=1652"}],"curies":[{"name":"wp","href":"https:\/\/api.w.org\/{rel}","templated":true}]}}